multiple of 4?
False
Does 54 divide 31197?
False
Is 33 a factor of 51018?
True
Is 1348 a multiple of 19?
False
Is 47 a factor of 10462?
False
Does 17 divide 3740?
True
Does 3 divide 929?
False
Does 123 divide 58473?
False
Is 49477 a multiple of 40?
False
Is 242 a multiple of 11?
True
Is 10 a factor of 5540?
True
Is 8 a factor of 24?
True
Is 13 a factor of 388?
False
Is 3552 a multiple of 12?
True
Is 457 a multiple of 9?
False
Is 184 a factor of 41822?
False
Does 75 divide 442?
False
Does 9 divide 22275?
True
Does 4 divide 5196?
True
Does 8 divide 5240?
True
Is 452 a multiple of 113?
True
Does 5 divide 352?
False
Does 232 divide 37120?
True
Does 39 divide 390?
True
Does 14 divide 285?
False
Does 39 divide 2652?
True
Does 31 divide 11532?
True
Does 2 divide 192?
True
Does 53 divide 50350?
True
Is 43425 a multiple of 167?
False
Does 12 divide 13920?
True
Is 25343 a multiple of 356?
False
Is 2 a factor of 237?
False
Is 25 a factor of 26057?
False
Is 216 a multiple of 6?
True
Does 72 divide 4824?
True
Does 9 divide 3889?
False
Is 13266 a multiple of 9?
True
Does 34 divide 2285?
False
Is 14077 a multiple of 12?
False
Does 54 divide 51840?
True
Does 27 divide 1603?
False
Does 32 divide 7008?
True
Is 20440 a multiple of 70?
True
Is 16632 a multiple of 133?
False
Is 54 a factor of 9793?
False
Is 96 a factor of 787?
False
Is 259 a multiple of 29?
False
Is 25 a factor of 562?
False
Is 2 a factor of 1470?
True
Is 204 a multiple of 12?
True
Is 5287 a multiple of 121?
False
Is 227 a multiple of 13?
False
Does 146 divide 5141?
False
Is 672 a multiple of 12?
True
Is 10 a factor of 10040?
True
Is 320 a multiple of 20?
True
Is 25707 a multiple of 57?
True
Is 9 a factor of 781?
False
Is 52 a multiple of 3?
False
Is 5 a factor of 291?
False
Is 4311 a multiple of 13?
False
Does 44 divide 19096?
True
Is 10 a factor of 6996?
False
Is 85 a factor of 1360?
True
Is 693 a multiple of 47?
False
Does 6 divide 965?
False
Is 5412 a multiple of 11?
True
Is 9408 a multiple of 192?
True
Does 71 divide 1491?
True
Is 20718 a multiple of 63?
False
Does 86 divide 18920?
True
Is 877 a multiple of 6?
False
Is 9 a factor of 1035?
True
Is 4 a factor of 136?
True
Is 7 a factor of 154?
True
Is 266 a multiple of 11?
False
Is 2 a factor of 252?
True
Is 3 a factor of 90?
True
Does 11 divide 2363?
False
Is 8 a factor of 4352?
True
Is 55 a factor of 16445?
True
Is 131 a factor of 2717?
False
Does 17 divide 1656?
False
Does 57 divide 512?
False
Does 11 divide 5896?
True
Is 30 a factor of 2010?
True
Is 19 a factor of 1003?
False
Is 118 a factor of 1461?
False
Is 21 a factor of 2415?
True
Is 9108 a multiple of 22?
True
Is 60 a factor of 2820?
True
Does 65 divide 5437?
False
Is 10053 a multiple of 43?
False
Is 16283 a multiple of 21?
False
Is 30 a factor of 1290?
True
Is 13 a factor of 209?
False
Is 18 a factor of 3710?
False
Is 58 a factor of 187?
False
Does 5 divide 85?
True
Does 8 divide 13128?
True
Does 15 divide 15?
True
Is 10 a factor of 122?
False
Is 790 a multiple of 10?
True
Does 39 divide 8736?
True
Does 18 divide 378?
True
Is 565 a multiple of 47?
False
Is 9256 a multiple of 26?
True
Does 7 divide 693?
True
Does 72 divide 42349?
False
Does 5 divide 4972?
False
Is 11576 a multiple of 14?
False
Does 61 divide 501?
False
Is 18889 a multiple of 48?
False
Is 74 a factor of 2098?
False
Is 14 a factor of 21798?
True
Does 34 divide 1072?
False
Is 1216 a multiple of 19?
True
Is 51 a factor of 3651?
False
Does 11 divide 3322?
True
Is 498 a multiple of 35?
False
Is 14 a factor of 5711?
False
Is 7056 a multiple of 49?
True
Is 176 a factor of 19596?
False
Does 35 divide 879?
False
Is 544 a multiple of 5?
False
Is 1188 a multiple of 22?
True
Does 188 divide 29469?
False
Does 13 divide 14862?
False
Does 4 divide 10544?
True
Is 38 a factor of 2052?
True
Is 413 a multiple of 59?
True
Is 125 a multiple of 5?
True
Is 80 a factor of 4000?
True
Is 1526 a multiple of 14?
True
Is 40 a factor of 30760?
True
Does 31 divide 7106?
False
Is 50 a multiple of 5?
True
Does 38 divide 1502?
False
Is 10 a factor of 31257?
False
Is 69 a factor of 52736?
False
Does 9 divide 14812?
False
Is 137098 a multiple of 26?
True
Is 116 a factor of 22319?
False
Does 26 divide 208?
True
Is 16 a factor of 4176?
True
Is 220 a multiple of 20?
True
Does 19 divide 4047?
True
Does 2 divide 76?
True
Is 10 a factor of 67379?
False
Is 56 a factor of 14414?
False
Is 323 even?
False
Is 26390 a multiple of 26?
True
Is 7 a factor of 41?
False
Is 62424 a multiple of 408?
True
Is 16710 a multiple of 20?
False
Is 1350 a multiple of 15?
True
Does 10 divide 70?
True
Is 9 a factor of 829?
False
Does 17 divide 27659?
True
Is 1015 a multiple of 35?
True
Is 4497 a multiple of 17?
False
Does 5 divide 230?
True
Does 12 divide 2333?
False
Is 77 a factor of 4235?
True
Is 26 a factor of 11258?
True
Is 49 a factor of 57286?
False
Does 5 divide 6610?
True
Does 15 divide 6510?
True
Is 2698 a multiple of 7?
False
Does 15 divide 3285?
True
Is 11 a factor of 2598?
False
Is 3 a factor of 534?
True
Does 10 divide 9854?
False
Does 19 divide 25175?
True
Does 60 divide 1560?
True
Is 2 a factor of 32?
True
Does 18 divide 3330?
True
Is 4 a factor of 596?
True
Does 2 divide 3812?
True
Is 228 a multiple of 45?
False
Does 129 divide 38277?
False
Does 47 divide 30550?
True
Is 68 a factor of 2493?
False
Does 16 divide 560?
True
Is 22990 a multiple of 121?
True
Is 30 a factor of 32903?
False
Is 24930 a multiple of 9?
True
Is 8 a factor of 931?
False
Is 28083 a multiple of 42?
False
Is 30 a multiple of 12?
False
Is 13 a factor of 2885?
False
Is 38 a factor of 1387?
False
Does 11 divide 1551?
True
Is 32934 a multiple of 259?
False
Does 6 divide 345?
False
Does 8 divide 1098?
False
Does 15 divide 9570?
True
Is 25 a factor of 2525?
True
Does 39 divide 65?
False
Is 65 a factor of 1300?
True
Is 10 a factor of 5337?
False
Does 17 divide 113611?
True
Is 966 a multiple of 46?
True
Is 6 a factor of 354?
True
Is 4 a factor of 5368?
True
Is 4799 a multiple of 10?
False
Is 35 a factor of 36518?
False
Is 63 a factor of 1436?
False
Is 8 a factor of 2072?
True
Is 12104 a multiple of 10?
False
Is 35 a factor of 17520?
False
Is 44100 a multiple of 84?
True
Is 708 a multiple of 12?
True
Is 7828 a multiple of 6?
False
Does 136 divide 18224?
True
Is 33864 a multiple of 12?
True
Is 86 a factor of 6278?
True
Is 347 a multiple of 26?
False
Is 13 a factor of 913?
False
Is 1094 a multiple of 72?
False
Is 56 a factor of 7224?
True
Is 35571 a multiple of 71?
True
Does 192 divide 33984?
True
Does 23 divide 552?
True
Is 20 a factor of 280?
True
Is 42 a factor of 13185?
False
Is 158 a factor of 17064?
True
Is 21015 a multiple of 228?
False
Does 4 divide 770?
False
Does 39 divide 997?
False
Does 104 divide 369?
False
Is 7 a factor of 784?
True
Is 12 a factor of 3487?
False
Is 3515 a multiple of 95?
True
Does 27 divide 675?
True
Does 8 divide 2188?
False
Is 7733 a multiple of 19?
True
Is 39208 a multiple of 262?
False
Does 6 divide 70?
False
Does 122 divide 6344?
True
Does 14 divide 2366?
True
Is 10421 a multiple of 30?
False
Is 12 a factor of 532?
False
Is 12 a factor of 1044?
True
Is 9048 a multiple of 69?
False
Is 66 a factor of 132?
True
Is 10 a factor of 1544?
False
Is 3662 a multiple of 13?
False
Is 107 a factor of 428?
True
Is 3316 a multiple of 114?
False
Does 71 divide 710?
True
Does 49 divide 49?
True
Is 6 a factor of 739?
False
Is 1776 a multiple of 48?
True
Does 2 divide 180?
True
Is 58 a factor of 35412?
False
Is 6 a factor of 17387?
False
Is 49 a factor of 441?
True
Is 24731 a multiple of 12?
False
Does 117 divide 4797?
True
Is 12 a factor of 507?
False
Is 836 a multiple of 38?
True
Does 7 divide 33341?
True
Is 8005 a multiple of 120?
False
Is 13 a factor of 1305?
False
Is 57254 a multiple of 50?
False
Is 16 a factor of 822?
False
Is 12 a factor of 1062?
False
Is 56 a factor of 17355?
False
Is 78 a factor of 3160?
False
Does 7 divide 447?
False
Is 22 a factor of 1320?
True
Is 25 a factor of 275?
True
Is 770 a multiple of 22?
True
Does 73 divide 14819?
True
Does 172 divide 7179?
False
Is 20220 a multiple of 30?
True
Does 7 divide 245?
True
Does 25 divide 3250?
True
Does 19 divide 1197?
True
Is 2 a factor of 7?
False
Is 20197 a multiple of 11?
False
Does 34 divide 157?
False
Is 161 a factor o